{"id":5257,"date":"2019-01-22T15:41:31","date_gmt":"2019-01-22T14:41:31","guid":{"rendered":"http:\/\/dev.jacqueslacoste.com\/?page_id=5257"},"modified":"2020-02-10T16:37:50","modified_gmt":"2020-02-10T15:37:50","slug":"sofa-circa-1937","status":"publish","type":"page","link":"https:\/\/www.jacqueslacoste.com\/en\/jean-royere\/sofa-circa-1937\/","title":{"rendered":"Sofa, circa 1937"},"content":{"rendered":"<p>[vc_row el_id=&#8221;arianne&#8221;][vc_column][vc_column_text]<nav aria-label=\"breadcrumbs\">\n            <div class=\"breadcrumb-container theme1\">\n                <ol>\n                                    <\/ol>\n            <\/div>\n        <\/nav>    <script type=\"application\/ld+json\">\n        {\n            \"@context\": \"http:\/\/schema.org\",\n            \"@type\": \"BreadcrumbList\",\n            \"itemListElement\": [\n                            ]\n        }\n    <\/script>\n   \n    <script>\n            <\/script>\n[\/vc_column_text][\/vc_column][\/vc_row][vc_row el_id=&#8221;single-prod&#8221;][vc_column width=&#8221;1\/2&#8243;][vc_gallery type=&#8221;image_grid&#8221; images=&#8221;892,893&#8243; img_size=&#8221;full&#8221;][\/vc_column][vc_column width=&#8221;1\/2&#8243; css=&#8221;.vc_custom_1539246973756{padding-left: 20px !important;}&#8221; el_class=&#8221;product-details&#8221;][vc_column_text]<\/p>\n<h2>JEAN ROY\u00c8RE<\/h2>\n<h3>Sofa, circa 1937<\/h3>\n<p>Thick tubular structure &#8220;in harness&#8221; in walnut and upholstered with cowhides<\/p>\n<p>&nbsp;<\/p>\n<p><strong>Dimensions<\/strong> :<br \/>\nH 30 x L 87 x D 39 in.[\/vc_column_text][vc_column_text]<strong>Note :<br \/>\n<\/strong>A similar model is presented in Jean Roy\u00e8re&#8217;s &#8220;winter rest area&#8221; at the Salon des Artistes D\u00e9corateurs at the 1937 international exhibition<\/p>\n<p><strong>\u00a0<\/strong>[\/vc_column_text][vc_column_text]<strong>Documentation<\/strong> :<br \/>\nArchives Jean Roy\u00e8re, galerie Jacques Lacoste \/ galerie Patrick Seguin\u00a0: bleu d\u2019atelier n\u00b0 V 5<\/p>\n<p>Archives Jean Roy\u00e8re, galerie Jacques Lacoste \/ galerie Patrick Seguin\u00a0: similar models in shots n\u00b0 328, 329, 330, 331 and 404<\/p>\n<p>Archives Jean Roy\u00e8re, mus\u00e9e des Arts D\u00e9coratifs\u00a0: execution plans n\u00b0 276, 279, 282, 4.134 pour des mod\u00e8les similaires[\/vc_column_text][vc_column_text]<em>R\u00e9f\u00e9rence : JR185 <\/em>[\/vc_column_text][vc_column_text][\/vc_column_text][vc_btn title=&#8221;RETOUR&#8221; style=&#8221;classic&#8221; link=&#8221;url:http%3A%2F%2Flynxdemeldyck.fr%2Ffdm05%2Fjean-royere%2Fpieces-disponibles%2F|||&#8221;][\/vc_column][\/vc_row]<\/p>\n","protected":false},"excerpt":{"rendered":"<p>[vc_row el_id=&#8221;arianne&#8221;][vc_column][vc_column_text][\/vc_column_text][\/vc_column][\/vc_row][vc_row el_id=&#8221;single-prod&#8221;][vc_column width=&#8221;1\/2&#8243;][vc_gallery type=&#8221;image_grid&#8221; images=&#8221;892,893&#8243; img_size=&#8221;full&#8221;][\/vc_column][vc_column width=&#8221;1\/2&#8243; css=&#8221;.vc_custom_1539246973756{padding-left: 20px !important;}&#8221; el_class=&#8221;product-details&#8221;][vc_column_text] JEAN ROY\u00c8RE Sofa, circa 1937 Thick tubular structure &#8220;in harness&#8221; in walnut and upholstered with cowhides &nbsp; Dimensions : H 30 x L 87 x D 39 in.[\/vc_column_text][vc_column_text]Note : A similar model is presented in Jean Roy\u00e8re&#8217;s &#8220;winter rest area&#8221; at the Salon [&#8230;]<\/p>\n<p><a class=\"btn btn-secondary understrap-read-more-link\" href=\"https:\/\/www.jacqueslacoste.com\/en\/jean-royere\/sofa-circa-1937\/\">Read More&#8230;<\/a><\/p>\n","protected":false},"author":1,"featured_media":7008,"parent":3616,"menu_order":0,"comment_status":"closed","ping_status":"closed","template":"","meta":{"inline_featured_image":false,"footnotes":""},"class_list":["post-5257","page","type-page","status-publish","has-post-thumbnail","hentry"],"_links":{"self":[{"href":"https:\/\/www.jacqueslacoste.com\/en\/wp-json\/wp\/v2\/pages\/5257","targetHints":{"allow":["GET"]}}],"collection":[{"href":"https:\/\/www.jacqueslacoste.com\/en\/wp-json\/wp\/v2\/pages"}],"about":[{"href":"https:\/\/www.jacqueslacoste.com\/en\/wp-json\/wp\/v2\/types\/page"}],"author":[{"embeddable":true,"href":"https:\/\/www.jacqueslacoste.com\/en\/wp-json\/wp\/v2\/users\/1"}],"replies":[{"embeddable":true,"href":"https:\/\/www.jacqueslacoste.com\/en\/wp-json\/wp\/v2\/comments?post=5257"}],"version-history":[{"count":2,"href":"https:\/\/www.jacqueslacoste.com\/en\/wp-json\/wp\/v2\/pages\/5257\/revisions"}],"predecessor-version":[{"id":13279,"href":"https:\/\/www.jacqueslacoste.com\/en\/wp-json\/wp\/v2\/pages\/5257\/revisions\/13279"}],"up":[{"embeddable":true,"href":"https:\/\/www.jacqueslacoste.com\/en\/wp-json\/wp\/v2\/pages\/3616"}],"wp:featuredmedia":[{"embeddable":true,"href":"https:\/\/www.jacqueslacoste.com\/en\/wp-json\/wp\/v2\/media\/7008"}],"wp:attachment":[{"href":"https:\/\/www.jacqueslacoste.com\/en\/wp-json\/wp\/v2\/media?parent=5257"}],"curies":[{"name":"wp","href":"https:\/\/api.w.org\/{rel}","templated":true}]}}

<p>[vc_row el_id=&#8221;arianne&#8221;][vc_column][vc_column_text]<nav aria-label="breadcrumbs">
            <div class="breadcrumb-container theme1">
                <ol>
                                    </ol>
            </div>
        </nav>    <script type="application/ld+json">
        {
            "@context": "http://schema.org",
            "@type": "BreadcrumbList",
            "itemListElement": [
                            ]
        }
    </script>
   
    <script>
            </script>
[/vc_column_text][/vc_column][/vc_row][vc_row el_id=&#8221;single-prod&#8221;][vc_column width=&#8221;1/2&#8243;][vc_gallery type=&#8221;image_grid&#8221; images=&#8221;892,893&#8243; img_size=&#8221;full&#8221;][/vc_column][vc_column width=&#8221;1/2&#8243; css=&#8221;.vc_custom_1539246973756{padding-left: 20px !important;}&#8221; el_class=&#8221;product-details&#8221;][vc_column_text]</p>
<h2>JEAN ROYÈRE</h2>
<h3>Sofa, circa 1937</h3>
<p>Thick tubular structure &#8220;in harness&#8221; in walnut and upholstered with cowhides</p>
<p>&nbsp;</p>
<p><strong>Dimensions</strong> :<br />
H 30 x L 87 x D 39 in.[/vc_column_text][vc_column_text]<strong>Note :<br />
</strong>A similar model is presented in Jean Royère&#8217;s &#8220;winter rest area&#8221; at the Salon des Artistes Décorateurs at the 1937 international exhibition</p>
<p><strong> </strong>[/vc_column_text][vc_column_text]<strong>Documentation</strong> :<br />
Archives Jean Royère, galerie Jacques Lacoste / galerie Patrick Seguin : bleu d’atelier n° V 5</p>
<p>Archives Jean Royère, galerie Jacques Lacoste / galerie Patrick Seguin : similar models in shots n° 328, 329, 330, 331 and 404</p>
<p>Archives Jean Royère, musée des Arts Décoratifs : execution plans n° 276, 279, 282, 4.134 pour des modèles similaires[/vc_column_text][vc_column_text]<em>Référence : JR185 </em>[/vc_column_text][vc_column_text][/vc_column_text][vc_btn title=&#8221;RETOUR&#8221; style=&#8221;classic&#8221; link=&#8221;url:http%3A%2F%2Flynxdemeldyck.fr%2Ffdm05%2Fjean-royere%2Fpieces-disponibles%2F|||&#8221;][/vc_column][/vc_row]</p>

<p>[vc_row el_id=&#8221;arianne&#8221;][vc_column][vc_column_text][/vc_column_text][/vc_column][/vc_row][vc_row el_id=&#8221;single-prod&#8221;][vc_column width=&#8221;1/2&#8243;][vc_gallery type=&#8221;image_grid&#8221; images=&#8221;892,893&#8243; img_size=&#8221;full&#8221;][/vc_column][vc_column width=&#8221;1/2&#8243; css=&#8221;.vc_custom_1539246973756{padding-left: 20px !important;}&#8221; el_class=&#8221;product-details&#8221;][vc_column_text] JEAN ROYÈRE Sofa, circa 1937 Thick tubular structure &#8220;in harness&#8221; in walnut and upholstered with cowhides &nbsp; Dimensions : H 30 x L 87 x D 39 in.[/vc_column_text][vc_column_text]Note : A similar model is presented in Jean Royère&#8217;s &#8220;winter rest area&#8221; at the Salon [&#8230;]</p>
<p><a class="btn btn-secondary understrap-read-more-link" href="https://www.jacqueslacoste.com/en/jean-royere/sofa-circa-1937/">Read More&#8230;</a></p>
